*y, r + 7 = -2*y + 6. Suppose 2*a - r = 27. What is the tens digit of a?
1
Suppose 2*l - 36 = -6. What is the tens digit of l?
1
What is the tens digit of (-4)/(32/(-20))*34?
8
Suppose -5*q = -3*q - 2*d + 6, 3*d - 9 = 0. Suppose q = 4*r - 54 + 2. Let z = r - 5. What is the units digit of z?
8
Let z(w) = -2*w + 3. Let j be z(-3). Suppose -3 = h - j. Suppose v - 6 = -2*d, -3*d + 0 = h. What is the tens digit of v?
1
Let m = -9 - 12. Let d be 372/(-21) - (-6)/m. What is the units digit of 2/((-4)/d) - 3?
6
Let s(x) = x. Suppose -5*h - 26 = -u, -3*u + 23 = -h + 1. What is the units digit of s(u)?
6
Let q = -164 - -188. What is the units digit of q?
4
Let h = -10 - -43. What is the tens digit of h?
3
Suppose 3*g = 2*d - 4, 0*g - g = 0. Suppose 0 + d = 2*v. What is the units digit of v?
1
Let z(j) = -j**3 + 4 - 1 + 2*j**3 + 4*j + 4*j**2. Let p be z(-2). Let h(t) = 5*t - 4. What is the tens digit of h(p)?
1
Let p(h) = -h**2 + 16*h - 11. What is the units digit of p(12)?
7
Let c = 11 - 6. Suppose -2*q + 4 = -c*m, 8 = -q - 2*m + 19. What is the units digit of q?
7
Suppose -2*d = 2*d - 180. What is the tens digit of d?
4
Suppose -2 = 3*r - 4*r. Suppose -r*p + 2 = -2. Let g = 7 - p. What is the units digit of g?
5
Let z(t) = 2*t + 46. What is the tens digit of z(0)?
4
Let l(w) = w**2 - 3*w - 1. Let o be l(4). Suppose 0 = -4*r - 5*v + 2*v + 18, 5*r = -2*v + 19. Let s = r + o. What is the units digit of s?
6
Let c(v) = v + 9. Let p = 1 - 8. Let o be c(p). Suppose 0 = -s + o - 0. What is the units digit of s?
2
What is the units digit of (3/9)/(1/36)?
2
Let i be (187 + 2)/3 - 1. Let j = 98 - i. What is the tens digit of j?
3
What is the units digit of (-40)/(-16)*104/10?
6
Suppose -2*s - 2*n = -4, -3*s - 5*n + 8 = -3*n. Suppose -2*d + s = -74. What is the units digit of d?
9
Suppose -3*w - 40 = -181. What is the tens digit of w?
4
Let f be (-6)/(-2)*7/3. Suppose -f - 13 = -4*r. Suppose r*o = 5*c - 35, 0 = 3*c - 6*c - 2*o + 11. What is the units digit of c?
5
Let n(c) = -2*c - 10. Let g be n(-8). Let f(r) = r + 5. What is the tens digit of f(g)?
1
Let i = -4 + 9. Suppose n + 4*n = -i*h + 25, 0 = -4*h + 5*n + 2. What is the units digit of h + (3 - 1 - 4)?
1
Suppose -5*j - 223 = -5*u - 2*j, -3*u - 2*j = -130. Suppose -4*g + 0 = -u. What is the units digit of g?
1
Let o(l) = -l**3 - 9*l**2 - 9*l - 6. Suppose -3*f + 4 = -2. Suppose -t - 42 = 5*x, 3*t - 32 - f = 5*x. What is the units digit of o(x)?
2
Let h(g) = -5*g. Let z(i) = 6*i - 1. Let m(y) = -5*h(y) - 4*z(y). What is the units digit of m(3)?
7
Let y be (22/(-6))/((-3)/9). Let u be -1*(-2 + y/1). What is the tens digit of ((-16)/(-6))/((-2)/u)?
1
Suppose -g = 2*g + 30. Let t(f) = -f**3 - 9*f**2 + 10*f + 7. What is the units digit of t(g)?
7
Suppose 0 = -w + 3*q + 50, -w + 2*q + 11 = -36. What is the tens digit of w?
4
Let a(b) = -b**3 - 9*b**2 - 2*b + 6. Let s be a(-8). Let v = -25 - s. What is the tens digit of v?
1
Suppose 4*c - 6 + 50 = 5*q, -q = 3*c - 24. Suppose -4 = 5*v - 19. Suppose -v*u = u - q. What is the units digit of u?
3
Let k(d) = d**2 - 4. Let v be k(3). Let l = 12 - v. What is the units digit of l?
7
Suppose -4*t = -u - 777, 4*t + 4*u + u - 795 = 0. What is the hundreds digit of t?
1
Suppose 4*m - 46 = -14. Let l(w) = 3*w - 2. What is the units digit of l(m)?
2
Suppose -3*l + 2*a = -10, 4*a - 32 - 14 = -5*l. What is the units digit of (-88)/(-12)*l/4?
1
Let k = -137 - -228. What is the units digit of k?
1
Let s = 33 - -10. What is the units digit of s?
3
Let b(r) = -4*r**2 + 3*r - 9. Let c(t) = -3*t**2 + 3*t - 8. Let d(m) = 2*b(m) - 3*c(m). What is the tens digit of d(4)?
1
Let g(z) = -z**3 - 5*z**2 + 8*z - 1. What is the units digit of g(-7)?
1
Let l = 14 - 26. Let q be (9/l)/(1/(-4)). Suppose -q*n + 2 = -x - 18, 0 = -2*n + 3*x + 11. What is the units digit of n?
7
Let w = 68 - 132. Let h = 111 + w. What is the units digit of h?
7
Let c be (-56)/(-5) - (-2)/(-10). Suppose -3*j - c = -38. Let r(n) = n - 8. What is the units digit of r(j)?
1
Let a = -2 + 6. Suppose a*k = -k + 185. What is the units digit of k?
7
Suppose 2*z - 20 = 20. What is the units digit of z?
0
Let k(u) = u**2 - 4*u + 3. What is the tens digit of k(-4)?
3
Suppose 5*t + 3*z = 71, 3*z + 57 = 4*t - 16. Let d = t - 11. What is the units digit of d?
5
Let s(j) = -j**3 - 4*j**2 - 3*j - 1. Let b(z) be the second derivative of z**3/6 + 2*z**2 + z. Let r be b(-8). What is the tens digit of s(r)?
1
Let a(i) = i**2 - i. Suppose -5*m = -g + 19, 3*g + 0*m - 18 = 2*m. What is the units digit of a(g)?
2
Let g be -6*3/(9*-1). Suppose -m + 0*j - 3 = 5*j, -5*m = g*j - 77. What is the tens digit of m?
1
Suppose 2*n + 13 = 5*v, v - 2*v - 5*n - 19 = 0. Let i be 10 + -4 - 0/v. Suppose i*c - c - 25 = 0. What is the units digit of c?
5
Let u(x) be the first derivative of -x**4/4 + x**2/2 - 2*x + 2. What is the tens digit of u(-3)?
2
Let y be 7 + -3 + 0 + 0. Let n be (-1)/3 - (-1)/3. Suppose n = -2*a + y + 8. What is the units digit of a?
6
Suppose 3*t + 9 = -6. Let y = t + 14. What is the units digit of y?
9
Let o(g) = g**3 + 4*g**2 + g + 2. What is the units digit of o(-3)?
8
Let c(n) = n**3 - 3*n + 3. Let w be c(-3). Let q be 25 - -2*2/(-4). Let i = q + w. What is the units digit of i?
9
Suppose -2*n + 5*n - 150 = 0. Suppose -3*m = -m - n. What is the units digit of m?
5
Suppose 32 = -2*a - 2*o, 5*a - 4*o = 2*a - 48. Let c = a + 32. What is the units digit of c?
6
Let w = -5 + 7. Suppose -w*k = k - 9. What is the units digit of k?
3
Let f be (9/3)/((-6)/28). Let c be 0/(-1) + f/2. What is the units digit of 2/c + 30/7?
4
Let u(t) be the first derivative of t**4/6 + t**2/2 - 4*t + 2. Let i(v) be the first derivative of u(v). What is the tens digit of i(-3)?
1
Let r(l) = 13*l + 37. What is the hundreds digit of r(21)?
3
Let r(u) = -4*u - 8. Let l be r(-6). Let z = l - 10. What is the units digit of 1*1/2*z?
3
Let r = 27 - 17. What is the units digit of r?
0
Let v(b) = -b**3 + 5*b**2 + 7*b - 1. Let a be v(6). Suppose -16 = 4*z, -32 - 40 = -a*x - 2*z. What is the tens digit of x?
1
Suppose -5*j + 178 = p, 2*p = -j - 2*j + 104. What is the units digit of j?
6
Suppose 5*y = -4*u - 34, 2*y = -2*y + 2*u - 22. Let k be (-24)/(-10) - y/(-15). Suppose 4*j + k = 46. What is the tens digit of j?
1
Let c(a) = -a**3 - 5*a**2 + 2*a. Suppose 2*x + 11 = -k, -9 = 3*x + k + 8. Let l be c(x). Suppose -8 = 4*b - l. What is the units digit of b?
4
What is the units digit of 6*(-4)/(-12) + 101?
3
Suppose -o = 8*o - 396. What is the units digit of o?
4
What is the tens digit of (-2 - 0)/(18/(-693))?
7
What is the tens digit of 10 - (-3 - -2) - -1?
1
Suppose -5 + 4 = -h, 5*k - 2*h - 788 = 0. What is the hundreds digit of k?
1
Let i be ((-88)/6)/(10/30). Let u = i + 66. What is the units digit of u?
2
Suppose 0 = 3*j + 5*s - 111, -3*j + 4*s + 87 = s. Suppose 3*a - j = a. What is the units digit of a?
6
Let l(d) = -d**2 + 6*d - 5. Let h be l(4). Suppose -3*o + 89 = t, o - t + h*t = 28. What is the units digit of o/7 - (-4)/(-14)?
4
Suppose 68 = 5*d - 37. Let m = d - -10. What is the tens digit of m?
3
Suppose -h - 54 = -5*g, -5*g - 3*h - 7 + 45 = 0. What is the units digit of g?
0
Let w(b) = -22*b**3 - 2*b**2 - 4*b - 1. What is the units digit of w(-1)?
3
Let s = -45 - -27. Let t be (-1)/2*s - 1. What is the units digit of (5 - t)/((-1)/5)?
5
Suppose -2*g - j = -0*g + 8, -4*j = 5*g + 23. What is the units digit of (8 - 2) + 2 - g?
1
Suppose -4*b - 2*l + 96 = 0, 0*l - 96 = -4*b + l. Suppose 3*y + 6*q - b = 2*q, 2*y = -3*q + 16. Suppose k - y - 1 = 0. What is the units digit of k?
9
Suppose i - 10 = -2*j, -6*j + 3*j + 3*i - 3 = 0. Let q be (2/(-4))/(j/(-12)). Suppose -l = -3*o - 5, -2*o - q*o = 0. What is the units digit of l?
5
Let z(o) = -11*o + 23. Let w(l) = 32*l - 68. Let p(t) = 4*w(t) + 11*z(t). What is the tens digit of p(10)?
5
Let y(l) = 7*l**2 + 5*l + 9. Let c(n) = 6*n**2 + 5*n + 8. Let b(m) = 6*c(m) - 5*y(m). Let q be b(-3). Let p = 5 + q. What is the units digit of p?
2
Let k(m) = -m**2 + 6*m - 2. Suppose 8 = 3*w - 7. What is the units digit of k(w)?
3
Let b = 192 + -92. What is the units digit of b?
0
Let m be (-2)/8 - 41/(-4). Let w(k) = k**2 - k - 1. Let q(u) = -2*u**2 - 8*u + 9. Let r(a) = -q(a) - 3*w(a). What is the units digit of r(m)?
4
Let p(a) =